16) to base 5
-124140040
30c687 (base 14) to base 4
12102101033
What is -117657 (base 9) in base 13?
-2657b
Convert -56aa4 (base 11) to base 7.
-462366
Convert 13114335 (base 6) to base 8.
1507623
Convert -1000111011111010101 (base 2) to base 9.
-485606
Convert -6008304 (base 9) to base 10.
-3194725
-315035142 (base 6) to base 9
-11408808
What is 9d97 (base 16) in base 7?
225422
Convert -2360001 (base 9) to base 6.
-43231044
Convert 363d07 (base 15) to base 7.
31025254
What is 6d3 (base 15) in base 13?
921
What is -10111010011010010011 (base 2) in base 16?
-ba693
Convert 24244100 (base 5) to base 9.
376711
What is -10033021 (base 5) in base 2?
-10011101000000010
Convert -96c52 (base 15) to base 5.
-110304102
What is -304420122 (base 6) in base 14?
-9ac8a6
-7b236 (base 14) to base 15
-5db41
Convert -12202000210210 (base 3) to base 11.
-17a4669
What is -1ee6c (base 15) in base 4?
-120230013
Convert 13002 (base 8) to base 11.
4262
2345701 (base 9) to base 16
1362d6
11420 (base 10) to base 13
5276
-2211022011112 (base 3) to base 10
-1501862
111220020111210 (base 3) to base 4
130023030033
-483749 (base 14) to base 7
-26660122
6476c (base 15) to base 8
1156717
-26b4817 (base 12) to base 7
-122313205
-111111110110000111101 (base 2) to base 8
-7766075
a1742 (base 16) to base 3
1020121011010
Convert -5320330 (base 6) to base 13.
-91062
What is 5304726 (base 10) in base 11?
2aa3579
Convert 103113143 (base 5) to base 2.
1101011110101001001
-30260530 (base 7) to base 10
-2518915
What is -636093 (base 11) in base 12?
-411379
What is 26a1b (base 14) in base 16?
17431
Convert -ae99 (base 16) to base 15.
-d39c
-49a1a (base 15) to base 8
-713216
Convert 10112300220 (base 4) to base 3.
2011000020220
-3dd1 (base 14) to base 4
-2223103
Convert -156251 (base 9) to base 15.
-1d891
What is 158681 (base 9) in base 6?
2034501
What is -1023122132 (base 4) in base 15?
-617ce
20133001301 (base 4) to base 10
2224241
-2512a59 (base 11) to base 10
-4366954
Convert -e6a51 (base 15) to base 5.
-141400301
What is 10752750 (base 8) in base 5?
1100123040
Convert 936104 (base 11) to base 3.
2211021122212
What is -1222146 (base 7) in base 6?
-3210030
Convert 132302111 (base 4) to base 7.
1033433
What is 58045 (base 11) in base 15?
19cd7
What is 1542324 (base 6) in base 3?
11122012121
What is 22020022130 (base 4) in base 7?
31365110
What is 3ac7c (base 15) in base 8?
560032
What is -3771304 (base 8) in base 13?
-2a7971
What is 10000101110101010011 (base 2) in base 4?
2011311103
100001101001100111111 (base 2) to base 3
2002000120002
Convert -1619973 (base 12) to base 9.
-8443606
Convert -1001000101100010001 (base 2) to base 12.
-124381
Convert -1321123140 (base 5) to base 3.
-20012202001002
Convert 94247 (base 11) to base 3.
20222110101
What is 344c57 (base 14) in base 2?
110110010101100111101
71150 (base 15) to base 5
42424200
Convert -3462690 (base 10) to base 3.
-20111220220210
-121200222000122 (base 3) to base 14
-1270b4d
Convert -198a7 (base 11) to base 6.
-332133
-1177c6 (base 14) to base 5
-123100434
38052a2 (base 12) to base 8
51631532
Convert -120010102121220 (base 3) to base 11.
-45a0a19
Convert 26711032 (base 8) to base 15.
7d81d8
What is -400285 (base 9) in base 16?
-39b93
Convert 125520245 (base 6) to base 5.
1120424331
-56881 (base 10) to base 13
-1cb76
258b429 (base 13) to base 12
3b33675
Convert -10651523 (base 8) to base 14.
-443999
122400 (base 7) to base 10
22491
Convert -3733a (base 12) to base 3.
-10210120201
-40344234 (base 5) to base 6
-10544212
What is 419b5 (base 14) in base 11?
a8a58
What is -404034224 (base 6) in base 15?
-9175bd
141352302 (base 6) to base 7
33306623
What is 120201000232 (base 4) in base 14?
bd411c
Convert -61e0d (base 16) to base 13.
-110632
123424 (base 9) to base 7
430540
What is -ba451 (base 15) in base 13?
-17937a
Convert -28a803 (base 12) to base 8.
-2464003
Convert 102013313222 (base 4) to base 15.
63c9bb
What is 10000010001110111101101 (base 2) in base 3?
22000210220121
11101101110010100000 (base 2) to base 4
3231302200
Convert -1065043 (base 7) to base 3.
-20210112121
Convert 31233431 (base 5) to base 8.
771070
Convert -62857 (base 13) to base 5.
-21132214
What is 20255236 (base 8) in base 4?
100111222132
2380237 (base 11) to base 6
224451421
Convert 144301110 (base 5) to base 8.
2751763
-11277b4 (base 12) to base 11
-1947520
Convert -58b70 (base 14) to base 10.
-216286
-55b729 (base 14) to base 15
-3c80b3
1400874 (base 9) to base 8
2734540
-220201312 (base 4) to base 14
-446d8
-10231230230 (base 4) to base 16
-12db2c
What is -130031331133 (base 4) in base 5?
-3343202330
What is -5272163 (base 9) in base 2?
-1010110001001010101010
-11102212100 (base 3) to base 12
-42699
What is 121415 (base 9) in base 12?
36472
Convert -1120100245 (base 6) to base 15.
-1136d0b
-7a83a (base 12) to base 14
-438bc
What is -212435 (base 6) in base 4?
-10100213
Convert -532764 (base 8) to base 12.
-86984
Convert 344221141 (base 5) to base 15.
20a916
Convert -7129a (base 11) to base 15.
-20ce9
Convert -62467 (base 9) to base 15.
-c324
What is -171210 (base 11) in base 5?
-31440442
What is -3101420240 (base 5) in base 15?
-84089a
-20405020 (base 6) to base 12
-246770
What is -155213000 (base 6) in base 9?
-6235000
Convert -694680 (base 15) to base 7.
-60504345
Convert -25135323 (base 7) to base 14.
-42c0ba
Convert 11102222121200 (base 3) to base 4.
21000211101
What is 23402511 (base 7) in base 10?
2068200
Convert -245d1 (base 15) to base 16.
-1c567
-10a788 (base 14) to base 11
-3578a3
What is 200046430 (base 7) in base 11?
6573316
Convert -6d988c (base 14) to base 13.
-a15174
Convert 11443341 (base 5) to base 11.
75072
-930568a (base 11) to base 12
-5606989
What is -a82290 (base 13) in base 9?
-7374231
What is -31056 (base 14) in base 16?
-1cd34
What is 1311405 (base 8) in base 7?
3051031
What is 222230043 (base 5) in base 2?
11101110100000000010
Convert 14204212 (base 5) to base 2.
100011111111101000
What is 124274 (base 13) in base 5?
103001021
What is 122120313102 (base 4) in base 15?
9199c6
What is -22102002210 (base 3) in base 14?
-44498
Convert -20100 (base 7) to base 3.
-20122200
-1221253213 (base 6) to base 5
-12100104332
-127717 (base 9) to base 12
-39081
Convert -444004 (base 6) to base 15.
-b021
What is c277 (base 15) in base 13?
158c8
-110000112102201 (base 3) to base 6
-344525114
What is 247db (base 16) in base 2?
100100011111011011
What is -113122122012 (base 4) in base 15?
-8137a3
bb057 (base 16) to base 9
1386724
Convert -328857 (base 10) to base 5.
-41010412
-16a61 (base 16) to base 6
-1553253
What is -ae6219 (base 15) in base 12?
-2954820
Convert 723031 (base 8) to base 10.
239129
Convert 105246261 (base 7) to base 12.
2186993
What is 1a9a2a (base 16) in base 7?
20550543
What is 191376 (base 11) in base 13?
a4124
Convert 12722331 (base 8) to base 9.
5338464
-101221220210 (base 3) to base 2
-110100101010101100
What is 211221021000 (base 3) in base 8?
1561560
What is -39245 (base 14) in base 10?
-140397
Convert -37345 (base 14) to base 9.
-225286
Convert 121102200122 (base 3) to base 15.
65c85
111111102020 (base 3) to base 11
171659
Convert -133112513 (base 6) to base 8.
-12135035
-11465166 (base 7) to base 11
-63a90a
-44016141 (base 7) to base 6
-212442253
-7547384 (base 9) to base 4
-33130002112
Convert 1001110111111000000 (base 2) to base 9.
542706
Convert 3254078 (base 10) to base 6.
153425102
Convert 22242211 (base 5) to base 14.
518ba
-13270060 (base 9) to base 16
-63d03b
What is -3025563 (base 8) in base 7?
-6531143
What is -1011101011100011000 (base 2) in base 9?
-643021
-5471035 (base 9) to base 4
-23031302321
What is 333122320 (base 4) in base 6?
5322344
What is 2837909 (base 10) in base 15?
3b0cde
Convert 154842 (base 9) to base 8.
272340
What is -246009 (base 10) in base 2?
-111100000011111001
What is 1a34c0 (base 15) in base 4?
10313232132
What is 246631 (base 10) in base 7?
2045020
What is -2334322 (base 5) in base 7?
-236422
Convert -10101110112022 (base 3) to base 14.
-34c11d
Convert -116da6c (base 14) to base 4.
-133303003200
What is 82741 (base 12) in base 7?
1306540
What is -2bdbe (base 15) in base 3?
-21012001222
Convert -1024141 (base 7) to base 5.
-12431101
Convert 4082 (base 14) to base 11.
8372
Convert 1303133